Let w be (2/(-4))/(2/20). Is k(w) a composite number?
False
Let s = -543 - -546. Suppose 2*n - s*i = 5801, -57*i - 5794 = -2*n - 61*i. Is n composite?
True
Let y(x) = 46*x + 35299. Is y(0) composite?
True
Let i = 229 - 242. Let p(s) = s**3 + 13*s**2 - 16*s - 9. Is p(i) composite?
False
Is (-1*2/(-6))/(119/124491969) a composite number?
True
Suppose -16*o + 562990 - 71582 = 0. Is o composite?
False
Let q be -2 - (-1)/(3/105). Let n = q - -28. Suppose -l + n = 2. Is l prime?
True
Suppose 2*d = 4*i - 92518, -27*i - d = -28*i + 23130. Is i prime?
False
Let f be (-137321)/(-21) - (-34)/(-357). Let t = f + -1892. Is t a composite number?
True
Let n(u) = -3755*u**3 + 3*u**2 - 35*u - 101. Is n(-4) prime?
False
Let p = 32 + 134. Let a be (-102)/816 - (-2 + 471/8). Let w = a + p. Is w a prime number?
True
Suppose -73*u = -79*u - 24. Let y(t) = -707*t + 15. Is y(u) composite?
False
Let n = -45 + 33. Let s be n/8 + (-994)/(-4). Suppose 3*l = -s + 1441. Is l prime?
False
Suppose -5 = 5*h - p, h + 2*p - 3 = 4*h. Let o be 4 - 16/(-4)*h. Suppose o = -8*m + 1594 + 542. Is m composite?
True
Let z(b) = 63*b**2 - 55*b - 51. Is z(-32) composite?
False
Suppose -963*b = -1024*b + 19473091. Is b composite?
True
Let a be 30/20 - (-38)/4. Suppose 0 = -4*n + 20, 2*b - 4*n + n = -a. Suppose -410 = -5*q + b*h, q + 0*h = -3*h + 82. Is q composite?
True
Let q be (6 + 6)/(-6) + 14. Suppose 18*l - q*l - 25782 = 0. Is l prime?
True
Let m = 69 - 67. Suppose -5*y = m*l - 46106, -3*l + 2*y = 6*y - 69145. Is l a composite number?
True
Suppose -32 = s - 9*s. Suppose -4*b + w = -26, -3*w = s*b - 0*b - 18. Is ((-2)/b)/((-1)/291) prime?
True
Suppose -10*f + 44 + 56 = 0. Is (-39381)/(-6) + (-5)/f a composite number?
False
Suppose -2*k - 73300 = 8*k. Let g = -3219 - k. Is g a prime number?
True
Suppose 33*g - 390760 = 756320. Suppose 4*v = -4*z + 69496, -9*z - g = -11*z + 2*v. Is z a composite number?
False
Let r(w) = w**3 - 12*w**2 - 13*w + 4. Let p be r(13). Suppose 5380 = -9*u + p*u. Let m = 837 - u. Is m composite?
False
Let v(b) be the third derivative of b**5/15 - b**4 - 7*b**3/3 - 109*b**2. Is v(-26) a prime number?
False
Suppose -5*s + 382830 = -13*l + 8*l, -4*s = 6*l - 306294. Is s prime?
False
Let v(b) = 127*b - 9. Let r be v(-2). Let w = r + 682. Is w a prime number?
True
Let w be (3 - 13/5)/(4/20). Suppose -4*x = -4*k + 14184, -2*k + 10643 = k + w*x. Is k prime?
True
Let r = -34699 + 74503. Suppose -11*s - c + 19908 = -9*s, -4*s - 5*c = -r. Suppose 2*t + 2 = 0, 0*t + s = 2*k + 2*t. Is k composite?
True
Let u = -132562 + 490419. Is u prime?
False
Let x(d) = 5807*d**2 + 3*d - 7. Let b be x(2). Suppose 6*m - b = 1289. Suppose 5*k - 11411 + m = 0. Is k a composite number?
True
Let p(j) = -130*j**2 - 4*j + 130*j**2 + 29 - 15*j**3. Is p(-6) a prime number?
False
Let i(b) = -b**3 - 21*b**2 - 42*b - 47. Let z be i(-19). Suppose 35613 = z*q - 98860. Is q a prime number?
True
Let w(n) = 8647*n**3 - n**2 - 41*n + 125. Is w(3) composite?
True
Let a be (-8225)/4 + 5/20. Is 0 + (a - -3)/(-1) prime?
True
Suppose 4*l + 0*h + h + 109 = 0, 0 = l - 4*h + 40. Let c = 54 + l. Suppose c*a = 22*a + 572. Is a prime?
False
Suppose 22*y - x + 22 = 27*y, 5*y + 2*x - 19 = 0. Suppose -5*r = y*p - 25720, -6*p - 25717 = -11*p - 2*r. Is p a prime number?
False
Let v(a) = -90 + 174 + 45*a**2 + 16*a**2 - 3*a + 4*a - 83. Let y = -5 - -7. Is v(y) prime?
False
Let x = 113 - 110. Suppose -2*j = -3*a + 3415, x*a + 2*j + 183 = 3614. Is a a prime number?
False
Let c(q) = 458*q**2 - 15*q + 18. Suppose -10*f = -30 - 10. Is c(f) a prime number?
False
Suppose 4*u - 2*u = 3*c + 20, 4*u - 24 = 2*c. Suppose -u*l + 0 = -5*r + 5, -2*l = -r - 5. Suppose r*x = 5*f - 580, -2*f + 0*f + x = -231. Is f composite?
True
Let s = 242988 - 97597. Is s composite?
False
Let u be 50/125 + 46/10. Let m = 12 + -7. Suppose -f + 346 = u*z, 0*z = -4*f + m*z + 1284. Is f a prime number?
False
Let g be (-12)/(-42) + (-234)/(-14). Suppose -7432 = g*j - 25*j. Is j a prime number?
True
Let j(r) = -825*r - 539. Is j(-78) a prime number?
False
Let w(d) = 2*d**3 + 6*d**2 - 8*d - 7. Let t be (-10)/35 + 130/14. Suppose -22 = -t*f + 14. Is w(f) composite?
True
Suppose -1054 = -13*t - 6839. Let z = t + 624. Is z a composite number?
False
Suppose 3*d + 20308 = -5*q, 2*d - 13543 = 4*d - q. Is (-2)/3*-6 + (4 - d) a composite number?
False
Let o(y) = 11*y**2 - 4*y - 29. Let b be 63/(-4) + 1 - (-66)/88. Is o(b) composite?
True
Let i = -19751 + 79066. Is i a composite number?
True
Suppose 108*l = 103*l + 1189425. Suppose -l = -21*f + 7164. Is f a prime number?
False
Suppose 0 = -m - 2*r + 18997 + 33126, 104258 = 2*m + 2*r. Is m prime?
False
Suppose -3723*c + 1308967 = -3712*c. Is c a prime number?
False
Suppose 82*p + 69537 = 3*a + 86*p, -p = -a + 23186. Is a composite?
True
Suppose -3*h + 4*h - 160223 - 16050 = 0. Is h a prime number?
False
Let p(n) = -2*n**2 + 11*n - 10. Let f be p(4). Suppose -f*j + 4 = 2*x, -5*x - 1 + 2 = 2*j. Suppose -3*s = j*h - 153, 5*s = -4*h + 12 + 245. Is s a prime number?
True
Let y(l) be the second derivative of l**6/30 - 11*l**5/60 + l**4/24 + 3*l**3/2 - 35*l**2/2 - 40*l. Let r(p) be the first derivative of y(p). Is r(8) composite?
False
Let j = 265766 - 26097. Is j prime?
False
Let y(k) = k - 5. Let t be y(9). Is 2*2762/t*(-24)/(-24) prime?
True
Let s = -105512 + 300705. Is s prime?
True
Is 27195070/(-35)*3/(-6) prime?
False
Suppose 2*j = 3*q - 98911, 2*q + 2*j - 65928 = -3*j. Is q prime?
True
Let g(a) = 3*a + 136. Let c(x) = x**3 + 5*x**2 - 29*x + 28. Let m be c(-9). Is g(m) a prime number?
True
Let j be ((-8)/(-18))/(1 + 14/(-18)). Is (j - 2) + 1512 - -1 composite?
True
Suppose -5*u + a = -433, 3*u - 5*a = -a + 253. Is (u/9)/((-1)/(-267)) a prime number?
False
Let h(u) = 2*u**2 + 50*u - 241. Let v be h(40). Let a = v - 2674. Is a prime?
False
Suppose -3*c = -3*h - 176085 - 72018, 0 = 3*c - 4*h - 248107. Is c prime?
False
Is (-518558)/24*3*(-28)/7 composite?
True
Is (-2467605)/(-9) - (-6)/9 a composite number?
True
Let n = -2541 + 7452. Let t = n - 2744. Is t a composite number?
True
Suppose 88*p - 193*p + 89*p = -187184. Is p prime?
True
Let j(p) = 4*p - 41. Let o be j(15). Suppose o*u = 2974 + 3619. Is u prime?
True
Suppose 3*q = -3*c + 1172691, 4*q = -3*c + 598140 + 574547. Is c composite?
True
Let w(u) = -14*u + 37. Let k be w(2). Is k/21 + 17/(357/2658) a prime number?
True
Let v = 30 + -20. Suppose -v = -g - 8. Suppose n = 3*b - 1492, -5*b - g*n = -5*n - 2480. Is b a composite number?
False
Let o = 783154 - 272685. Is o prime?
False
Let l = 59020 + -26183. Is l a prime number?
False
Suppose 4*a = -3*x + 12, 0 = -5*x - 4*a + 27 - 7. Suppose x*v - 5*h = 6298, -v + 4*h - 6*h = -1581. Is v a prime number?
False
Is (-109041960)/(-287) - -1*1/(-7) a composite number?
True
Suppose -4*i + 156464 + 29097 = -q, -2*i + 92785 = q. Is i a composite number?
True
Let c = 61398 - -20111. Is c prime?
True
Let r(t) = 2*t. Let n be r(2). Let m be ((-2)/(-6))/((-29)/(-261))*205. Suppose -1504 = -n*y + w, 4*y + 4*w = 2139 - m. Is y a composite number?
True
Let j = 1416164 + -862731. Is j a composite number?
False
Let a = -47 - -33. Let u(c) = 5*c**2 + 31*c + 10. Let o be u(a). Let s = o - 291. Is s a prime number?
False
Let l(o) = -3 + 138*o**2 + 0*o - o + 0*o. Let x be (-1 + -1)*(3 + 11 + -13). Is l(x) a prime number?
False
Let u = 763 + -759. Suppose 5*p - 32808 - 44935 = u*l, 2*p + l - 31092 = 0. Is p a prime number?
False
Suppose 28*b - 1 - 83 = 0. Suppose b*v - 5332 = -2*a, -5*v = 4*a - v - 10668. Is a a prime number?
False
Is ((-1362)/(0 + -6))/(-1 - 84/(-83)) a composite number?
True
Suppose 0 = -c + 18*c - 4522. Let v = 162 + -351. Let f = c + v. Is f composite?
True
Let l(u) = 2*u**2 + u + 5 + u - 6*u - 6*u. Let v be l(5). Suppose -4*s = 4*y - 4644, v*y + 8*s - 6*s - 5793 = 0. Is y a prime number?
False
Let d = 2 + -28. Let s = d + 81. Suppose -3*o - s = -484. Is o prime?
False
Suppose 0 = -2*k + o - 22447 + 270868, 3*k - 372649 = 4*o. Is k a prime number?
False
Let b be 42/9*(-81)/(-6). Is (-769256)/(-168) + 6/b prime?
False
Suppose -13*t = -19*t. Suppose t = -205*b + 206*b - 3007. Is b composite?
True
Suppose 49356*w - 49344*w - 16467636 = 0. Is w a prime number?
True
Let j(m) = 7*m**3 - 8*m**2 + 32*m - 97. Let x be j(18). Let 